d 52487.
73
What is the highest common factor of 734008 and 6146?
878
Calculate the highest common factor of 232 and 26042.
58
Calculate the highest common divisor of 130 and 5370.
10
What is the highest common factor of 31872 and 33024?
384
Calculate the greatest common factor of 12882 and 228.
114
Calculate the highest common divisor of 70 and 15722.
14
What is the greatest common factor of 87 and 82853?
29
What is the greatest common factor of 1188 and 18684?
108
What is the highest common factor of 113 and 79778?
113
Calculate the greatest common divisor of 173036 and 956.
956
What is the highest common factor of 31133 and 1146?
191
What is the greatest common divisor of 747968 and 13888?
1984
Calculate the greatest common factor of 500606 and 516.
86
Calculate the highest common factor of 587460 and 60.
60
Calculate the highest common factor of 2706 and 340464.
246
Calculate the greatest common divisor of 637 and 1819027.
49
Calculate the greatest common divisor of 1428 and 631533.
357
What is the greatest common factor of 215652 and 28?
4
What is the greatest common factor of 12481 and 63?
7
What is the greatest common factor of 27 and 44?
1
What is the greatest common divisor of 35958 and 260?
26
Calculate the greatest common divisor of 2856413 and 203.
203
Calculate the greatest common divisor of 7424 and 4352.
256
What is the highest common factor of 1764 and 11361?
21
Calculate the highest common divisor of 54 and 1286226.
54
Calculate the greatest common factor of 198 and 7950558.
66
What is the highest common factor of 33548 and 36?
4
What is the greatest common divisor of 1590996 and 612?
204
What is the greatest common factor of 49 and 45269?
7
What is the greatest common divisor of 60 and 229420?
20
Calculate the highest common factor of 3941655 and 705.
705
What is the highest common factor of 2035 and 6160?
55
Calculate the highest common factor of 86998 and 10.
2
What is the greatest common divisor of 2 and 296517?
1
What is the greatest common divisor of 34 and 308805?
17
What is the greatest common divisor of 1034 and 6127?
11
What is the highest common divisor of 1190 and 582400?
70
What is the greatest common divisor of 1824 and 20292?
228
What is the highest common divisor of 46914 and 84?
42
Calculate the highest common divisor of 19 and 874646.
19
Calculate the greatest common divisor of 4370644 and 368.
92
Calculate the greatest common divisor of 297 and 12397.
11
Calculate the greatest common factor of 318 and 42858.
6
Calculate the greatest common divisor of 4237 and 223.
223
What is the highest common divisor of 92 and 18193?
23
What is the greatest common factor of 4752 and 144?
144
Calculate the highest common factor of 250 and 340.
10
Calculate the highest common divisor of 230582 and 44.
22
What is the highest common factor of 40 and 204220?
20
Calculate the greatest common factor of 312995 and 885.
295
Calculate the greatest common factor of 14 and 2028320.
14
What is the greatest common factor of 94 and 56447?
47
Calculate the greatest common divisor of 1087176 and 12.
12
What is the highest common divisor of 27 and 206301?
3
Calculate the highest common factor of 342 and 10821.
3
What is the highest common divisor of 143595 and 5?
5
What is the greatest common factor of 10890268 and 3876?
1292
Calculate the greatest common factor of 100843 and 2480.
31
Calculate the highest common factor of 278 and 156514.
278
What is the greatest common divisor of 3254 and 6?
2
Calculate the highest common divisor of 288 and 82.
2
Calculate the greatest common divisor of 238 and 2078930.
238
Calculate the greatest common factor of 99 and 146718.
99
Calculate the highest common divisor of 9899 and 437.
19
Calculate the highest common divisor of 61 and 94123.
61
What is the greatest common factor of 14 and 11768?
2
Calculate the highest common divisor of 52845 and 22764.
813
What is the greatest common factor of 106110 and 33210?
810
What is the highest common factor of 15 and 9615?
15
What is the greatest common factor of 8 and 746208?
8
What is the highest common factor of 271980 and 12?
12
Calculate the greatest common divisor of 1102 and 3268.
38
What is the highest common divisor of 2632 and 27213?
47
Calculate the greatest common divisor of 20272 and 8.
8
What is the greatest common factor of 13356 and 1325212?
1484
Calculate the greatest common divisor of 38406 and 2109.
111
What is the highest common factor of 9269 and 5239?
403
Calculate the greatest common factor of 2674 and 1764.
14
What is the highest common divisor of 28572 and 12?
12
What is the greatest common factor of 23452 and 4756?
164
Calculate the greatest common factor of 232050 and 85.
85
Calculate the highest common factor of 278300 and 1980.
220
Calculate the greatest common divisor of 496263 and 387.
129
Calculate the greatest common factor of 74 and 25123.
37
What is the highest common factor of 1032 and 1053156?
516
Calculate the highest common divisor of 9305 and 10.
5
Calculate the greatest common factor of 9 and 127419.
3
What is the greatest common divisor of 54170 and 3320?
10
What is the greatest common divisor of 804 and 4536?
12
What is the greatest common factor of 774522 and 126?
126
What is the greatest common divisor of 3752 and 19028?
268
Calculate the greatest common divisor of 869 and 1639.
11
What is the greatest common divisor of 303324 and 1512?
84
What is the highest common factor of 28314 and 47553?
363
What is the greatest common factor of 18245 and 9?
1
Calculate the greatest common divisor of 4710 and 1810.
10
What is the highest common factor of 75 and 33255?
15
Calculate the greatest common factor of 63171 and 18.
9
What is the highest common factor of 297 and 19833?
33
What is the greatest common divisor of 540 and 909900?
540
What is the greatest common factor of 308 and 8554?
14
Calculate the highest common divisor of 130414 and 591.
197
Calculate the highest common divisor of 109756 and 92.
92
What is the highest common divisor of 25 and 85325?
25
Calculate the greatest common divisor of 28065 and 8505.
15
What is the highest common divisor of 315 and 220?
5
What is the greatest common factor of 72 and 63918?
18
Calculate the highest common divisor of 54 and 3166.
2
What is the highest common factor of 116550 and 1134?
126
Calculate the greatest common divisor of 28 and 84161.
7
Calculate the highest common divisor of 28 and 22224.
4
Calculate the highest common divisor of 3515333 and 148.
37
Calculate the greatest common factor of 963 and 197094.
321
What is the greatest common divisor of 5032 and 901?
17
What is the highest common factor of 63138 and 1122?
102
What is the highest common factor of 1088 and 18904?
136
Calculate the greatest common factor of 3381 and 147.
147
What is the greatest common divisor of 11526 and 22406?
34
What is the greatest common factor of 15756 and 2?
2
Calculate the greatest common factor of 799216 and 95.
19
Calculate the greatest common divisor of 25 and 59535.
5
Calculate the highest common divisor of 6459 and 18.
3
Calculate the highest common factor of 48088 and 400.
8
Calculate the highest common divisor of 18140 and 340.
20
What is the greatest common divisor of 573 and 219841?
191
What is the highest common divisor of 69 and 212244?
69
Calculate the greatest common divisor of 5035 and 2584.
19
What is the highest common factor of 1711100 and 6748?
964
Calculate the greatest common factor of 366 and 3835436.
122
What is the highest common divisor of 16414 and 812?
58
What is the greatest common divisor of 1672 and 4408?
152
What is the highest common factor of 1840 and 24520?
40
Calculate the greatest common divisor of 18 and 589716.
18
What is the greatest common factor of 7566 and 6409?
13
What is the greatest common factor of 10 and 4404000?
10
Calculate the highest common factor of 315 and 163380.
105
What is the greatest common factor of 141 and 48?
3
Calculate the greatest common factor of 320 and 136256.
64
What is the highest common divisor of 13310 and 775610?
1210
Calculate the highest common factor of 114 and 284430.
114
Calculate the greatest common divisor of 5436 and 320422.
302
Calculate the highest common factor of 598 and 18124.
46
Calculate the greatest comm